*c + 5. Suppose -3*h = h. Suppose q = 4*j - h*j - 20, q - j = -8. List the prime factors of t(q).
3
Let h(g) = 25*g - 19. Let o be h(7). Let a = 161 + -234. Let j = o + a. What are the prime factors of j?
83
Let s(b) = -b**3 - 12*b**2 + 18*b + 12. Let q = 22 - 38. Let f be s(q). Suppose -4*i = -0*o - 4*o + f, -3*o = 3*i - 573. What are the prime factors of o?
3, 7
Suppose -2*b - 3*k + 7 = -5, 0 = 2*b - k - 20. Suppose -34 = -7*j + b*j. Let z = 25 + j. What are the prime factors of z?
2
Suppose -79*m = -17*m - 639592. List the prime factors of m.
2, 2579
Let p(r) = 236*r + 51. Let j be p(-2). Let z = j - -1224. What are the prime factors of z?
11, 73
Let n(m) = 22 + 0 - 8*m - 2 - 4. Let h be n(-4). Suppose -2*s = -h - 122. What are the prime factors of s?
5, 17
Suppose n + 9*t = 6*t - 152, 5*n + 700 = 5*t. List the prime factors of (-2)/(408/2990 + 22/n).
5, 23
Suppose 0 = -2*h - 3*h - 4*v + 203, 2*v = -h + 43. Let y = h - 74. Let j = y - -116. List the prime factors of j.
3
Suppose 3*s + 3*k - 6*k - 120 = 0, -4*s = -2*k - 152. Suppose -3*o + 3 + 14 = -g, -4*g - 42 = o. Let l = s + g. List the prime factors of l.
5
Suppose 2*u = -194 + 196. List the prime factors of 1*u*(-1 + 632/4).
157
What are the prime factors of (6 - 0)*1*(-15972)/(-36)?
2, 11
Suppose -5*k - 2*d + 330 = 0, k = 4*k - d - 198. Let r = k - 30. List the prime factors of r.
2, 3
Let o be 2/(-8) - (-13205)/(-76). Suppose -2*s - 885 = -4*g + 893, 6 = 2*s. Let i = o + g. What are the prime factors of i?
2, 17
Let w be (-860)/(-180) - (-3)/(54/4). Let i(v) = 11*v**2 - 19*v + 8. List the prime factors of i(w).
2, 47
Let c = -186 + -59. Suppose 8*h - 10*h + 844 = 0. Let z = c + h. What are the prime factors of z?
3, 59
Suppose -6*m + 8 = -28. List the prime factors of 4/m*(-792)/(-16).
3, 11
Suppose -6442 = -2*u + 696*k - 695*k, 3*u = 4*k + 9663. List the prime factors of u.
3221
Let j(a) = -121*a. Let t be j(-2). Let y be ((-36)/30)/((-4)/10). Suppose -y*d + t = -2*d. List the prime factors of d.
2, 11
Let q = 25362 + 17138. What are the prime factors of q?
2, 5, 17
Let z(f) be the second derivative of f**4/2 + 5*f**3/2 + 51*f**2/2 - 3*f - 12. What are the prime factors of z(-8)?
3, 5, 7
Let y(k) = -3*k**2 - 33*k - 9. Let b be y(-11). Let s(f) be the third derivative of f**5/60 - f**4/12 + f**3/6 - 6*f**2. List the prime factors of s(b).
2, 5
List the prime factors of ((-27685)/14)/((-2)/(-2) + (-189)/182).
5, 7, 13, 113
Let i(l) = -241*l - 4. Let x be i(-3). Let u = x + -397. List the prime factors of u.
2, 7, 23
Let g(s) = -s + 50. Let z be g(14). Suppose 0 = -26*m + 32*m - z. What are the prime factors of (2/m)/(2*(-3)/(-4698))?
3, 29
Suppose 6*p - 16095 = 15357. List the prime factors of p.
2, 2621
Let h = -105 + 199. Suppose -5*y = -n + 3, -5*y + n = 5*n - 12. Suppose -2*z - 4*o + h = y, -45 = -5*z + 3*o + 203. What are the prime factors of z?
7
Suppose 6*y - 5*y = 14. Suppose 0 = -5*x + 3*a + 134, -6*x = -3*x - 5*a - 74. Suppose 10*h = y*h - x. List the prime factors of h.
7
Let m = -9564 - -18290. What are the prime factors of m?
2, 4363
Suppose -m + 79667 = -d, -3*m + 5*d + 129930 + 109085 = 0. What are the prime factors of m?
2, 5, 7, 569
Let t be 4/(-32) + 65/8. Let h(x) = -t + 9 - 21 - 9 - 20*x. List the prime factors of h(-6).
7, 13
Suppose -23*t + 802 = 181. Suppose -7*u - t*u + 41786 = 0. List the prime factors of u.
1229
Let u(b) be the first derivative of -48*b**2 + 10*b - 10. Let l be u(-6). Let q = l - 346. List the prime factors of q.
2, 3, 5
Let g(i) = 3*i**3 - i**2 - 3*i + 2. Let p be g(2). Let c = p + -11. Suppose -4*d + s = -2*d - 370, c*s + 562 = 3*d. What are the prime factors of d?
2, 23
Let l(r) = -591*r + 117. Let o be l(-3). Suppose -2*c + 3*c = -4*b + 621, 0 = 3*c + 3*b - o. What are the prime factors of c?
3, 211
Let h be ((-176)/(-32))/(2/8). Let t(m) be the second derivative of 2*m**3 - 65*m**2/2 + 11*m. What are the prime factors of t(h)?
199
Let h(q) = -q**2 + 40*q - 138. Suppose 14*j - 539 = -77. What are the prime factors of h(j)?
3, 31
What are the prime factors of 6/(-210)*10*-8029?
2, 31, 37
Let n be 1/18*9915 + (-2)/(-12). Suppose 24 - n = -f. List the prime factors of f.
17, 31
Let u(c) = c**2 + 9*c + 3. Let b be u(-10). Let v = b - 7. Let l = v - 3. List the prime factors of l.
3
Let g = 1129 + 406. List the prime factors of g.
5, 307
Suppose -2*g = -4*g. Suppose g = -33*q + 40*q - 266. Let s = 9 + q. List the prime factors of s.
47
Suppose -a + s = -6*a + 39, a = -3*s + 19. List the prime factors of (-3)/((28/(-228))/a) + 5.
2, 11
Let y be 20*6/15 - 6. Suppose -y*f - 2*d + 290 = 0, 8*d + 400 = 3*f + 4*d. List the prime factors of f.
2, 5, 7
Suppose -t - 100 = 3*t + 4*d, 0 = 3*t - 5*d + 35. Let p = -20 - t. Suppose 13*k - 10*k - 27 = p. List the prime factors of k.
3
Let j = -661 + -174. Let v = 1747 + j. List the prime factors of v.
2, 3, 19
What are the prime factors of 196635/25 - (418/(-55) - -6)?
7867
Let d(s) = -s**2 + s - 12. Let h be d(-5). Let x = h - 36. List the prime factors of ((-14)/(-42))/((-1)/x).
2, 13
Let t = 283 + -335. List the prime factors of 6/(-10)*(t - 8).
2, 3
Let g be 8/(-44) - (-46)/11. Let r(d) = 8*d**3 + d**2 - 11*d - 9. What are the prime factors of r(g)?
5, 19
Let g(i) = 24*i**2 - 1174*i + 220. List the prime factors of g(89).
2, 167, 257
Let x(l) = 17*l + 17. Let v = -14 + 25. List the prime factors of x(v).
2, 3, 17
Let s(i) = 9*i - 12. Let c be s(8). Let k = -37 + c. What are the prime factors of k?
23
Let s be (1 + 15/(-9))*(-12)/(-2). Let m(y) = 175*y + 10. Let n be m(s). What are the prime factors of (-9)/(-6)*(n/(-9) + 4)?
11
Let m = -762 - -753. Let u(t) be the third derivative of -19*t**4/24 - 13*t**3/2 - t**2. What are the prime factors of u(m)?
2, 3, 11
Let p(n) = -6*n - 23. Let q be p(-5). What are the prime factors of (-40)/280 - (-1583)/q?
2, 113
Let c(k) be the first derivative of k**4/4 + 4*k**3/3 + 2*k - 9. Let u be c(-4). List the prime factors of ((-1)/u)/((-4)/1136).
2, 71
Suppose 0 = 20*y - 16571 - 209. List the prime factors of y.
839
Let w(u) = -132*u + 5521. What are the prime factors of w(-32)?
5, 1949
Let b(k) = 11*k - 29. Let q be b(4). Suppose q*r + 215 = 1115. List the prime factors of (-1395)/r*-4*1.
3, 31
Let j(m) = 10*m - 16. Let s(x) = 9*x - 16. Let i(k) = -6*j(k) + 7*s(k). Let h be i(6). List the prime factors of -1 + 154 - h*2/(-2).
5, 31
Let a be 1332/(-1 + 3) + 2 + 5. Suppose -f + a = -13*m + 14*m, 1367 = 2*f - 5*m. List the prime factors of f.
2, 13
Suppose -2*d + 24756 = 2*p, -27*p + 26*p - 4*d = -12369. What are the prime factors of p?
3, 4127
Suppose 71*c - 35651 = 60*c. Suppose 0 = -10*t + c + 3009. What are the prime factors of t?
5
Let d = -5987 - -19376. What are the prime factors of d?
3, 4463
Let p(x) = 1758*x**3 + 2*x**2 + 24*x - 4. Let n(w) = 879*w**3 + w**2 + 13*w - 2. Let v(d) = -11*n(d) + 6*p(d). List the prime factors of v(1).
3, 293
Suppose b - 3*c - 2*c = 13171, -b + 13162 = -2*c. What are the prime factors of b?
2, 11, 13, 23
Suppose -5*c + 28995 = 2*s, -147*c = -2*s - 149*c + 28974. List the prime factors of s.
2, 5, 181
Let l = -4869 + 15542. What are the prime factors of l?
13, 821
Let c = -2150 + 1153. Let k = c - -1710. List the prime factors of k.
23, 31
Let j be 10 - (-4 + 7)*4/12. What are the prime factors of 532 - 7*(-9)/j?
7, 11
Suppose 14*p = 25522 - 1792. Let i = -1018 + p. List the prime factors of i.
677
Suppose -5*a + 119300 = -5*w, w + 33577 = 3*a - 38019. List the prime factors of a.
2, 3, 13, 17
Suppose 2*p + 765 = 3*a - 3*p, -2*p = -3*a + 765. Suppose -m - 587 = -4*o, -a - 184 = -3*o + 2*m. Let n = o + -107. List the prime factors of n.
2, 5
Let d be (-23)/(-5) + (-12)/(-30). Let s(n) = 17*n + 423. Let f be s(-19). Suppose 0 = 2*t + d*m - f - 25, -3*m = 4*t - 243. List the prime factors of t.
2, 3, 5
Let m(y) = -y**3 - 2*y**2 + 7*y - 2. Let f be m(-4). Suppose 5*j + 6 = -f*k, 5*k + 18 = -5*j + 3. Let t = 75 + k. What are the prime factors of t?
2, 3
Let m(z) = 50*z - 54. Let l be m(7). Suppose -a = -4*j + a + l, j - a = 75. List the prime factors of j.
73
Suppose -9*g - 18*g + 342228 = 11*g. List the prime factors of g.
2, 3, 19, 79
Let f(g) = g**3 - 7*g**2 - 17*g - 9. Let x be f(9). Let c be (244/(-8) + x)*-4. Suppose 0 = 50*l -